2 = -a + 4*n. Suppose 34 = -2*w + w. Let i = w + a. Calculate the greatest common factor of 8 and i.
8
Let q be 2/4*(-1056)/(-8). What is the highest common factor of q and 110?
22
Suppose 0 = -5*g + 3*z + 2*z + 105, g + 2*z - 33 = 0. Calculate the greatest common factor of 100 and g.
25
Let r = -3 - -4. Calculate the highest common factor of r and 1.
1
Let m be (1*(1 - -1))/2. Let d(i) = -2*i + 2*i + 11*i**2. Let o be d(m). What is the highest common divisor of o and 88?
11
Suppose 0 = 4*k + 5*w - 2*w + 15, -4*w - 20 = -2*k. Suppose 2*q - 12 - 24 = k. What is the greatest common divisor of q and 45?
9
Let t = 75 - 5. Calculate the highest common factor of t and 28.
14
Let x be 1 + 1 + 6/3. Suppose x*u = 8 + 8. Suppose -y = -m - 11, 2*y + m - 13 = -0*m. Calculate the greatest common factor of y and u.
4
Suppose -a = 2*a - 9. Let w(l) = 4*l - 2. Let r be w(a). Calculate the highest common divisor of 90 and r.
10
Suppose 2 = 2*g - 22. What is the greatest common factor of 6 and g?
6
Suppose 0 = -s + 3*s - 42. Let l = 2 + -5. Let o = l - -6. Calculate the highest common divisor of s and o.
3
Suppose 173 + 97 = 3*y. Suppose -3*g + 16 = -38. Calculate the greatest common factor of g and y.
18
Let i be ((-1326)/(-9))/((-2)/(-3)). Suppose 5*d + 4*m - i + 47 = 0, 68 = 2*d + 2*m. Calculate the highest common divisor of d and 38.
38
Suppose 0 = 2*v + 3*v + 3*b - 1120, 672 = 3*v + 5*b. What is the highest common factor of v and 28?
28
Let h be (-15)/(-10) + (-1)/(-2). Let y be (-4)/h - (-4 + -174). What is the highest common factor of y and 16?
16
Let v(x) = -3*x + 16. Let t be v(-11). Let c be 1/(1 - 6/7). What is the highest common factor of c and t?
7
Let w be 16/6 - (-30)/(-45). Calculate the greatest common factor of w and 16.
2
Let x = 9 - 4. Suppose 2*y + x*u - 39 = 0, -2*u = -y - 6 + 3. Let j = 72 - 51. What is the greatest common divisor of y and j?
7
Let f(a) = 52*a - 4. Let u be f(1). Calculate the highest common factor of 72 and u.
24
Let t(w) = -3*w - 4 + 3*w + 5 + w. Let h be t(5). What is the highest common divisor of h and 66?
6
Let d be 3/(-5) + (-86)/(-10). Let z(t) = 17*t**3 - t**2 + t - 1. Let c be z(1). What is the highest common divisor of d and c?
8
Let o(b) = b**2 + 0*b**2 + 6*b - 3*b**2 + 3*b**2 - 8. Let z be o(-6). Let h = z - -23. Calculate the greatest common divisor of 5 and h.
5
Let d(z) = -z**2 + 2. Let o be d(-2). Let w be 3*2/(o/(-5)). Let r be (-4)/10 - (-1208)/20. Calculate the greatest common factor of w and r.
15
Suppose -2*t - 180 = -8*t. What is the greatest common divisor of t and 18?
6
Let k = -126 + 228. What is the greatest common divisor of k and 153?
51
Let t be (0 - 6)*(-1)/2. Let g = 10 - 6. Let s be -1 - -1 - (-36)/g. What is the greatest common divisor of s and t?
3
Let a = -2 - -5. Suppose 0 = a*z + 2*z - 10. Suppose -4*q = -z*q - 30. What is the greatest common factor of 105 and q?
15
Suppose -5*j + 19 = -1. Let x = j + -3. Let d be 4/(-2)*(x - 4). Calculate the greatest common divisor of 12 and d.
6
Let q be 8*1 + (6 - 9). Suppose 0 = q*w - 30 - 10. Calculate the greatest common divisor of w and 8.
8
Suppose -4*v + 159 = -9. What is the greatest common divisor of v and 21?
21
Suppose 107 - 71 = 3*f. What is the highest common factor of 60 and f?
12
Let w = 102 - 100. Suppose 0 = 6*m - 4*m - 36. What is the greatest common factor of m and w?
2
Suppose 7*x = 3*x + 48. Suppose 3*s - 3*p = -0*p + 15, -2*s = -5*p - 1. What is the greatest common divisor of x and s?
4
Let p be (1 - 1)/(3 - 5). Let c be (0 + -2)/(-2 - p). Let u be c*90/2 - -3. Calculate the greatest common divisor of u and 16.
16
Suppose -c - 2*c = a + 1, 5*a = -4*c + 17. What is the highest common divisor of a and 2?
1
Suppose -5*c + 4*c - 5*b = -25, -2*c = 2*b - 10. Suppose -5*x + 7 + 53 = c. Calculate the greatest common factor of x and 12.
12
Let a(f) = -f**2 + 12*f - 1. Let m be a(5). Suppose -5*z + i + m = -10, -4*i = -4*z + 48. Calculate the highest common divisor of z and 24.
8
Let v be (-3)/2 + (-248)/(-16). Calculate the highest common divisor of v and 2.
2
Let o(d) be the first derivative of -1 - 3*d**2 - 1 + 0*d**2 - 12*d. Let g be o(-8). What is the greatest common factor of 24 and g?
12
Let t be 2 + -3 + (131 - 7/7). Calculate the greatest common factor of 43 and t.
43
Suppose -4*g - 6 = 2*b - 58, 0 = 4*g - 20. Calculate the greatest common factor of b and 40.
8
Suppose -5*t = -3*k + 529, -3*t + 6*t - 489 = -3*k. Let c be 124/6 + (-2)/(-6). What is the greatest common divisor of c and k?
21
Let q = -27 + 30. Calculate the highest common factor of 9 and q.
3
Let u(m) = 0*m - 1 + 17 + 8*m. Let k be u(6). Calculate the highest common factor of 32 and k.
32
Let n(c) = 11*c - 3. Let u be n(3). Let b(k) = k + 10. Let x be b(-10). Let l be -1 + 43 + x + 3. Calculate the highest common factor of l and u.
15
Let t = 61 + -46. Calculate the greatest common divisor of 3 and t.
3
Suppose 0*r + 56 = 4*r. Suppose 2*n + 3*n - 35 = 0. Calculate the highest common factor of n and r.
7
Suppose 0 = -2*c + 6*c - 360. Let t be 2/16 - (-572)/32. Calculate the highest common divisor of c and t.
18
Let w(v) = 2*v**3 - 2*v**2 - 2*v. Let r be 0 + (-1 + 5 - 2). Let y be w(r). Calculate the highest common factor of 6 and y.
2
Let y = 101 + -21. Calculate the highest common factor of 5 and y.
5
Let v(t) = 31*t**3 - t**2 + 2*t - 2. Let p be v(1). Calculate the highest common divisor of p and 6.
6
Let z(c) = -40*c. Let j be z(-1). Suppose y + 18 = 5*y + p, -20 = -2*y + 5*p. Calculate the highest common divisor of y and j.
5
Suppose -4*s + 718 = 70. Suppose 3*t + 30 = 84. Calculate the highest common factor of s and t.
18
Let g(j) = 3*j + 4. Let u be g(6). Let m = -15 + 17. Suppose -2 = -m*f + f. Calculate the greatest common divisor of f and u.
2
Let o = 273 - 73. Suppose -x - 2*k + 9 = -3*k, -5*k + 9 = 4*x. Suppose 2*b + o = x*q - 2*q, 2*q - 92 = -3*b. What is the greatest common divisor of q and 7?
7
Let d be ((-27)/15)/(4/(-20)). Suppose u - 4*u = -216. Calculate the highest common divisor of d and u.
9
Suppose -5*r + 563 = -d, -203 = -5*r + 4*d + 369. Suppose 44 = 5*i - i - 4*b, -4*i + 2*b + 54 = 0. What is the highest common divisor of r and i?
16
Let p(h) = -19*h + 1. Let k be p(-3). Calculate the greatest common divisor of 145 and k.
29
Suppose -6*x - x + 567 = 0. Suppose 3*t = -d + 22 + 2, 3*d - t = 22. Calculate the greatest common divisor of x and d.
9
Suppose 26*q + 96 = 512. Suppose 0 = -6*v + 2*v + 96. What is the greatest common factor of v and q?
8
Suppose -4*y = -5*y + 12. Let g be (20/y - 2)*-6. Calculate the greatest common factor of 10 and g.
2
Let d = 274 - -84. Suppose 0 = 4*k - 182 - d. What is the greatest common factor of 15 and k?
15
Suppose 5*m - 31 = 4*k + 10, -m + 2*k + 13 = 0. What is the highest common factor of 45 and m?
5
Let a(p) = p**2 - 5*p + 6. Suppose 0 = 3*s - 16 - 5. Let k be a(s). Let w(y) = -50*y. Let i be w(-2). Calculate the greatest common divisor of i and k.
20
Let x = -14 - -42. Suppose 13 + 35 = 12*l. What is the greatest common divisor of x and l?
4
Suppose -4*z + 72 = -4*o, -2*z = -o - 2*o - 41. Let l = 7 - z. Let c be 512/(-6)*l/4. What is the highest common divisor of 16 and c?
16
Suppose -4*m + 22 = 4*f - 3*m, -4*m + 16 = 4*f. Let x be (8 - 2)/((-3)/(-12)). What is the highest common divisor of f and x?
6
Let b(f) = -f**3 - 22*f**2 - 23*f - 31. Let k be b(-21). Suppose 5*h = 15, p - 3*h + 64 = 2*p. What is the highest common factor of p and k?
11
Let c(t) = t**3 + 5*t**2 - 7*t - 3. Let r be c(-6). Suppose 44 = 5*h + 2*q - 16, -r*q = 0. What is the greatest common factor of h and 12?
12
Suppose 5*w - 5*s - 275 = 0, -4*w - 3*s + 260 = s. What is the greatest common factor of w and 15?
15
Let c(t) = t**3 + t**2 - 1. Let m(y) = 7*y**3 - 3*y**2 - 8*y - 6. Let x(o) = 6*c(o) - m(o). Let d be x(8). Calculate the highest common factor of 16 and d.
16
Let i = -298 - -308. Let h be 4/(-8) + (-61)/(-2). What is the highest common divisor of i and h?
10
Suppose 18 = -4*y + 2*g, -3*g + 24 = -5*y - g. Let j = 0 - y. Let m(z) = 2*z. Let r be m(6). What is the greatest common divisor of r and j?
6
Suppose 0 = 31*u - 26*u - 20. Let k(i) = 5*i + 4. Let f be k(8). What is the highest common factor of u and f?
4
Suppose -3*h